{"id":67,"date":"2021-05-20T12:07:11","date_gmt":"2021-05-20T10:07:11","guid":{"rendered":"https:\/\/kp-militaria.fr\/?post_type=product&#038;p=67"},"modified":"2022-06-16T09:42:47","modified_gmt":"2022-06-16T07:42:47","slug":"insigne-gc1-alsace-modele-liberation","status":"publish","type":"product","link":"https:\/\/kp-militaria.fr\/index.php\/produit\/insigne-gc1-alsace-modele-liberation\/","title":{"rendered":"Insigne GC1 &#8216;Alsace&#8221;. Mod\u00e8le Lib\u00e9ration"},"content":{"rendered":"<p class=\"_28cEs\" data-hook=\"description\">Retirage de l&#8217;insigne fabriqu\u00e9 d\u00e9but 1945 pour \u00eatre remis aux anciens du Groupe.<br \/>\nDimension : 25 mm par 37 mm<br \/>\nFixation par \u00e9pingle et bollero.<br \/>\nEmaille grand feu.<\/p>\n<p><strong>Du fait des contraintes postales (le paquet fait 2 mm d&#8217;\u00e9paisseur de trop&#8230;), l&#8217;envoi se fera par colissimo 250 grammes, merci de bien choisir l&#8217;option colissimo lors de la commande pour garantir la bonne livraison.<br \/>\nL&#8217;option en lettre suivi est \u00e0 vos risques et p\u00e9rils, vous \u00e9conomiserez 2,80 euros mais vous avez une chance sur 5 que la poste vous facture une p\u00e9nalit\u00e9&#8230;<\/strong><\/p>\n","protected":false},"excerpt":{"rendered":"<p>Retirage de l&#8217;insigne fabriqu\u00e9 d\u00e9but 1945 pour \u00eatre remis aux anciens du Groupe. Dimension : 25 mm par 37 mm Fixation par \u00e9pingle et bollero. Emaille grand feu. Du fait des contraintes postales (le paquet fait 2 mm d&#8217;\u00e9paisseur de trop&#8230;), l&#8217;envoi se fera par colissimo 250 grammes, merci de bien choisir l&#8217;option colissimo lors [&hellip;]<\/p>\n","protected":false},"featured_media":77,"template":"","meta":{"om_disable_all_campaigns":false,"_monsterinsights_skip_tracking":false,"_monsterinsights_sitenote_active":false,"_monsterinsights_sitenote_note":"","_monsterinsights_sitenote_category":0,"spay_email":""},"product_cat":[17],"product_tag":[],"_links":{"self":[{"href":"https:\/\/kp-militaria.fr\/index.php\/wp-json\/wp\/v2\/product\/67"}],"collection":[{"href":"https:\/\/kp-militaria.fr\/index.php\/wp-json\/wp\/v2\/product"}],"about":[{"href":"https:\/\/kp-militaria.fr\/index.php\/wp-json\/wp\/v2\/types\/product"}],"wp:featuredmedia":[{"embeddable":true,"href":"https:\/\/kp-militaria.fr\/index.php\/wp-json\/wp\/v2\/media\/77"}],"wp:attachment":[{"href":"https:\/\/kp-militaria.fr\/index.php\/wp-json\/wp\/v2\/media?parent=67"}],"wp:term":[{"taxonomy":"product_cat","embeddable":true,"href":"https:\/\/kp-militaria.fr\/index.php\/wp-json\/wp\/v2\/product_cat?post=67"},{"taxonomy":"product_tag","embeddable":true,"href":"https:\/\/kp-militaria.fr\/index.php\/wp-json\/wp\/v2\/product_tag?post=67"}],"curies":[{"name":"wp","href":"https:\/\/api.w.org\/{rel}","templated":true}]}}