{"id":42,"date":"2021-02-11T09:43:20","date_gmt":"2021-02-11T08:43:20","guid":{"rendered":"https:\/\/kp-militaria.fr\/?post_type=product&#038;p=42"},"modified":"2022-06-16T09:40:55","modified_gmt":"2022-06-16T07:40:55","slug":"insigne-340-squadron-ile-de-france","status":"publish","type":"product","link":"https:\/\/kp-militaria.fr\/index.php\/produit\/insigne-340-squadron-ile-de-france\/","title":{"rendered":"Insigne 340 Squadron, &#8220;Ile de France&#8221;"},"content":{"rendered":"<p class=\"_28cEs\" data-hook=\"description\">Retirage de l&#8217;insigne du 340 Free French Squadron, r\u00e9alis\u00e9 pour le 80\u00e9me anniversaire de l&#8217;unit\u00e9.<br \/>\nTirage 200 exemplaires dont 100 hors commerce. Il constituera le seul est unique tirage.<br \/>\nLivr\u00e9 dans un \u00e9crin estamp\u00e9 or.<br \/>\nNotre reproduction de l\u2019insigne du 340 Squadron r\u00e9pond \u00e0 deux soucis, au premier abord inconciliables : la qualit\u00e9 et la volont\u00e9 de ne pas produire des faux. Dans le but d&#8217;obtenir un insigne de qualit\u00e9 identique \u00e0 celle de l&#8217;original, il a \u00e9t\u00e9 r\u00e9alis\u00e9 en bronze et \u00e9mail \u00e0 chaud. Il reprend, jusqu&#8217;au d\u00e9faut du lys inf\u00e9rieur, le dessin du mod\u00e8le original, aujourd&#8217;hui mal-heureusement introuvable et hors de prix. . Dans le souci, de permettre une diff\u00e9renciation ais\u00e9e entre l&#8217;original et le retirage, trois clefs d&#8217;identification ont \u00e9t\u00e9 introduites.<br \/>\n&#8211; Le mode de fixation a \u00e9t\u00e9 modifi\u00e9. La fabrication de 1944 comporte une fixation par deux anneaux, celle de 2021, une \u00e9pingle \u00e0 bascule de type anglais bien plus pratique pour les collectionneurs et les c\u00e9r\u00e9monies m\u00e9morielles.<br \/>\n&#8211; La num\u00e9rotation est syst\u00e9matiquement pr\u00e9c\u00e9d\u00e9e d&#8217;un z\u00e9ro, ce qui la rend sp\u00e9cifique.<br \/>\n&#8211; La taille de l&#8217;insigne a \u00e9t\u00e9 r\u00e9duite d&#8217;un millim\u00e8tre par rapport \u00e0 l&#8217;original, ceci pour permettre son identification, m\u00eame apr\u00e8s passage dans des mains ind\u00e9licates.<\/p>\n","protected":false},"excerpt":{"rendered":"<p>Retirage de l&#8217;insigne du 340 Free French Squadron, r\u00e9alis\u00e9 pour le 80\u00e9me anniversaire de l&#8217;unit\u00e9. Tirage 200 exemplaires dont 100 hors commerce. Il constituera le seul est unique tirage. Livr\u00e9 dans un \u00e9crin estamp\u00e9 or. Notre reproduction de l\u2019insigne du 340 Squadron r\u00e9pond \u00e0 deux soucis, au premier abord inconciliables : la qualit\u00e9 et la [&hellip;]<\/p>\n","protected":false},"featured_media":83,"template":"","meta":{"om_disable_all_campaigns":false,"_monsterinsights_skip_tracking":false,"_monsterinsights_sitenote_active":false,"_monsterinsights_sitenote_note":"","_monsterinsights_sitenote_category":0,"spay_email":""},"product_cat":[17],"product_tag":[],"_links":{"self":[{"href":"https:\/\/kp-militaria.fr\/index.php\/wp-json\/wp\/v2\/product\/42"}],"collection":[{"href":"https:\/\/kp-militaria.fr\/index.php\/wp-json\/wp\/v2\/product"}],"about":[{"href":"https:\/\/kp-militaria.fr\/index.php\/wp-json\/wp\/v2\/types\/product"}],"wp:featuredmedia":[{"embeddable":true,"href":"https:\/\/kp-militaria.fr\/index.php\/wp-json\/wp\/v2\/media\/83"}],"wp:attachment":[{"href":"https:\/\/kp-militaria.fr\/index.php\/wp-json\/wp\/v2\/media?parent=42"}],"wp:term":[{"taxonomy":"product_cat","embeddable":true,"href":"https:\/\/kp-militaria.fr\/index.php\/wp-json\/wp\/v2\/product_cat?post=42"},{"taxonomy":"product_tag","embeddable":true,"href":"https:\/\/kp-militaria.fr\/index.php\/wp-json\/wp\/v2\/product_tag?post=42"}],"curies":[{"name":"wp","href":"https:\/\/api.w.org\/{rel}","templated":true}]}}